{"id":2,"date":"2023-06-16T10:44:24","date_gmt":"2023-06-16T13:44:24","guid":{"rendered":"https:\/\/farmaciarj.com\/?page_id=2"},"modified":"2023-06-16T11:04:32","modified_gmt":"2023-06-16T14:04:32","slug":"pagina-exemplo","status":"publish","type":"page","link":"https:\/\/farmaciarj.com\/index.php\/pagina-exemplo\/","title":{"rendered":"Drogarias Carioca"},"content":{"rendered":"\n<p>Muito em breve uma ferramenta online, seguro e pr\u00e1tica com aquele pre\u00e7o que s\u00f3 a Drog\u00e1ria Carioca oferece! \ud83d\ude09<\/p>\n","protected":false},"excerpt":{"rendered":"<p>Muito em breve uma ferramenta online, seguro e pr\u00e1tica com aquele pre\u00e7o que s\u00f3 a Drog\u00e1ria Carioca oferece! \ud83d\ude09<\/p>\n","protected":false},"author":1,"featured_media":0,"parent":0,"menu_order":0,"comment_status":"closed","ping_status":"open","template":"","meta":{"footnotes":""},"class_list":["post-2","page","type-page","status-publish","hentry"],"_links":{"self":[{"href":"https:\/\/farmaciarj.com\/index.php\/wp-json\/wp\/v2\/pages\/2","targetHints":{"allow":["GET"]}}],"collection":[{"href":"https:\/\/farmaciarj.com\/index.php\/wp-json\/wp\/v2\/pages"}],"about":[{"href":"https:\/\/farmaciarj.com\/index.php\/wp-json\/wp\/v2\/types\/page"}],"author":[{"embeddable":true,"href":"https:\/\/farmaciarj.com\/index.php\/wp-json\/wp\/v2\/users\/1"}],"replies":[{"embeddable":true,"href":"https:\/\/farmaciarj.com\/index.php\/wp-json\/wp\/v2\/comments?post=2"}],"version-history":[{"count":1,"href":"https:\/\/farmaciarj.com\/index.php\/wp-json\/wp\/v2\/pages\/2\/revisions"}],"predecessor-version":[{"id":13,"href":"https:\/\/farmaciarj.com\/index.php\/wp-json\/wp\/v2\/pages\/2\/revisions\/13"}],"wp:attachment":[{"href":"https:\/\/farmaciarj.com\/index.php\/wp-json\/wp\/v2\/media?parent=2"}],"curies":[{"name":"wp","href":"https:\/\/api.w.org\/{rel}","templated":true}]}}